{"id":334,"date":"2021-12-30T14:34:00","date_gmt":"2021-12-30T14:34:00","guid":{"rendered":"http:\/\/klubmamotato.pl\/?page_id=334"},"modified":"2021-12-30T14:42:26","modified_gmt":"2021-12-30T14:42:26","slug":"mapa-strony","status":"publish","type":"page","link":"http:\/\/klubmamotato.pl\/?page_id=334","title":{"rendered":"Mapa strony"},"content":{"rendered":"<div id=\"simple-sitemap-container-69e34d67e1b4d\" class=\"simple-sitemap-container simple-sitemap-container-69e34d67e1b4d tab-disabled\"><div class=\"simple-sitemap-wrap\"><ul class=\"simple-sitemap-page main\"><li class=\"sitemap-item page_item page-item-15 page_item_has_children\"><a href=\"http:\/\/klubmamotato.pl\/?page_id=15\">dla dzieci<\/a>\n<ul class='children'>\n\t<li class=\"sitemap-item page_item page-item-24\"><a href=\"http:\/\/klubmamotato.pl\/?page_id=24\">Zaj\u0119cia og\u00f3lnorozwojowe<\/a><\/li>\n\t<li class=\"sitemap-item page_item page-item-96\"><a href=\"http:\/\/klubmamotato.pl\/?page_id=96\">Regulamin klubu<\/a><\/li>\n<\/ul>\n<\/li>\n<li class=\"sitemap-item page_item page-item-19 page_item_has_children\"><a href=\"http:\/\/klubmamotato.pl\/?page_id=19\">dla rodzic\u00f3w<\/a>\n<ul class='children'>\n\t<li class=\"sitemap-item page_item page-item-79\"><a href=\"http:\/\/klubmamotato.pl\/?page_id=79\">Psychoterapia os\u00f3b doros\u0142ych.<\/a><\/li>\n\t<li class=\"sitemap-item page_item page-item-81\"><a href=\"http:\/\/klubmamotato.pl\/?page_id=81\">Wyk\u0142ady online dla Rodzic\u00f3w<\/a><\/li>\n\t<li class=\"sitemap-item page_item page-item-83\"><a href=\"http:\/\/klubmamotato.pl\/?page_id=83\">Konsultacje psychologiczne<\/a><\/li>\n<\/ul>\n<\/li>\n<li class=\"sitemap-item page_item page-item-34 page_item_has_children\"><a href=\"http:\/\/klubmamotato.pl\/\">witamy w klubie<\/a>\n<ul class='children'>\n\t<li class=\"sitemap-item page_item page-item-38\"><a href=\"http:\/\/klubmamotato.pl\/?page_id=38\">Partnerzy<\/a><\/li>\n<\/ul>\n<\/li>\n<li class=\"sitemap-item page_item page-item-36\"><a href=\"http:\/\/klubmamotato.pl\/?page_id=36\">Wa\u017cne wydarzenia<\/a><\/li>\n<li class=\"sitemap-item page_item page-item-49\"><a href=\"http:\/\/klubmamotato.pl\/?page_id=49\">Zesp\u00f3\u0142<\/a><\/li>\n<li class=\"sitemap-item page_item page-item-102\"><a href=\"http:\/\/klubmamotato.pl\/?page_id=102\">kontakt<\/a><\/li>\n<li class=\"sitemap-item page_item page-item-106\"><a href=\"http:\/\/klubmamotato.pl\/?page_id=106\">rozk\u0142ad zaj\u0119\u0107 klubu<\/a><\/li>\n<li class=\"sitemap-item page_item page-item-334\"><a href=\"http:\/\/klubmamotato.pl\/?page_id=334\">Mapa strony<\/a><\/li>\n<li class=\"sitemap-item page_item page-item-374\"><a href=\"http:\/\/klubmamotato.pl\/?page_id=374\">#374 (bez tytu\u0142u)<\/a><\/li>\n<\/ul><\/div><\/div><br style=\"clear: both;\">\n\n\n<p><\/p>\n","protected":false},"excerpt":{"rendered":"","protected":false},"author":1,"featured_media":0,"parent":0,"menu_order":0,"comment_status":"closed","ping_status":"closed","template":"","meta":{"spay_email":""},"jetpack_sharing_enabled":true,"jetpack_shortlink":"https:\/\/wp.me\/P5O9IE-5o","_links":{"self":[{"href":"http:\/\/klubmamotato.pl\/index.php?rest_route=\/wp\/v2\/pages\/334"}],"collection":[{"href":"http:\/\/klubmamotato.pl\/index.php?rest_route=\/wp\/v2\/pages"}],"about":[{"href":"http:\/\/klubmamotato.pl\/index.php?rest_route=\/wp\/v2\/types\/page"}],"author":[{"embeddable":true,"href":"http:\/\/klubmamotato.pl\/index.php?rest_route=\/wp\/v2\/users\/1"}],"replies":[{"embeddable":true,"href":"http:\/\/klubmamotato.pl\/index.php?rest_route=%2Fwp%2Fv2%2Fcomments&post=334"}],"version-history":[{"count":3,"href":"http:\/\/klubmamotato.pl\/index.php?rest_route=\/wp\/v2\/pages\/334\/revisions"}],"predecessor-version":[{"id":338,"href":"http:\/\/klubmamotato.pl\/index.php?rest_route=\/wp\/v2\/pages\/334\/revisions\/338"}],"wp:attachment":[{"href":"http:\/\/klubmamotato.pl\/index.php?rest_route=%2Fwp%2Fv2%2Fmedia&parent=334"}],"curies":[{"name":"wp","href":"https:\/\/api.w.org\/{rel}","templated":true}]}}